units digit of l?
1
Suppose -487209 = -137*t + 142306. What is the units digit of t?
5
What is the thousands digit of (1 + 5 - 11) + 1147?
1
Suppose -3*v + 432 = 3*l, 2*l + 0*l - 258 = 4*v. Suppose -4*u + 415 = l. Let h = u - 36. What is the tens digit of h?
3
Suppose i - 5*f = 3*i - 2325, 3*f + 4585 = 4*i. What is the tens digit of i?
5
Suppose 4*u - 16 = -0*u. Suppose 0 = -u*i + i + 15. Suppose 2*k - 11 = k + i*p, 2*k - 31 = p. What is the tens digit of k?
1
Let t(y) = -24*y - 88. What is the hundreds digit of t(-8)?
1
Suppose 0 = -15*q + 5544 + 456. What is the tens digit of q?
0
Let h(g) = -5*g + 41. Let q be h(19). Let i = q + 109. What is the units digit of i?
5
Let a(w) = -5*w**2 - 7*w - 14. Let s(o) = 4*o**2 + 6*o + 13. Let c(l) = 3*a(l) + 4*s(l). What is the units digit of c(5)?
0
Suppose 5*z = -z + 132. Let u = 44 - z. Suppose -4*x + 190 = 2*t + u, 2*x + 3*t = 84. What is the tens digit of x?
4
Suppose 245 = u + 6*u. Suppose 0 = -v + u - 18. What is the tens digit of v?
1
What is the hundreds digit of (2/(-10)*-25)/((-20)/(-552))?
1
Suppose 8*l - 8 = 6*l. Suppose -l*a = 2*o - 186, 392 = 3*o - 4*a + 93. What is the tens digit of o?
9
Suppose 1731 = 2*l - 5*v, -3*v - 1741 = -2*l - 8*v. What is the tens digit of l?
6
Let j(w) = -15*w**2 + 7*w - 7. Let y be j(2). Let s = y + 80. What is the units digit of s?
7
Let l(h) = 5*h**3 - 13*h - 12 - 13 + 11*h**2 - 4*h**3 - h**2. What is the tens digit of l(-9)?
7
Let f be 46*((-12)/8 + 2). Let a = f - 18. What is the units digit of a?
5
Let x be (-4)/(-12) + 606/(-9). Let y = x + 146. What is the tens digit of y?
7
Let m be (0/(-1))/((-20)/10). What is the hundreds digit of -3 + (2 - m) + (-238)/(-2)?
1
Let t be 3/(-6)*-2*232. Suppose -3*c = t + 446. What is the units digit of (-9)/(-12) + c/(-8)?
9
Let n = 5 - 5. Let w(b) be the first derivative of -b**3/3 + 9*b + 8. What is the units digit of w(n)?
9
Let x = -305 - -457. Let h = x - -83. What is the tens digit of h?
3
Suppose 75*j + 61305 = 172830. What is the tens digit of j?
8
Suppose -703 = -v + 2*f + 123, -3*v - 3*f = -2451. What is the units digit of v?
0
Suppose 0 = -0*d - 2*d. Suppose d = -2*b - 2 + 18. Suppose 0*n + 11 = 2*n - 3*s, 4*s = n - b. What is the units digit of n?
4
Let w(x) = -x - 1. Let p(d) = -d**2 + 2*d + 2. Let r(h) = p(h) - 6*w(h). Let u be r(8). What is the units digit of (-4)/(3 - (-3 + u))?
2
Let b = -370 + 387. What is the tens digit of b?
1
Let t(s) be the first derivative of s**3/3 - 5*s**2 + 66*s - 37. What is the units digit of t(20)?
6
What is the units digit of 166012/49 - 0/2?
8
Suppose 4*x = 2*x + 156. Let g be 4 - (-2)/(2 - 0). Suppose g*f - x = 57. What is the tens digit of f?
2
Let p = -40 - -46. Suppose -2*x + 4 + p = 0. What is the units digit of x?
5
Let o(n) = -13*n**3 - 2*n - 1. Let g be o(-1). Let u be 4/g + 12/7. Suppose u*y + q = -0 + 115, q + 1 = 0. What is the tens digit of y?
5
Let y be 2/(-1*(-4)/1114). Suppose 43 = 8*u - y. What is the tens digit of u?
7
Suppose 51 + 73 = 2*r. Let x = r - 15. What is the units digit of x?
7
Suppose p - 9 = -6. Suppose s - p + 1 = 0. Suppose 2*f + 5*o = o + 22, -5*f - s*o = -31. What is the units digit of f?
5
Suppose -3*n + n = 3*f - 62, -2*f + 3*n = -37. Suppose i = 6*i - f. Suppose -40 = -5*s - 2*z, 2*s + 3*s = i*z + 40. What is the units digit of s?
8
Suppose -16*z = 4*w - 17*z - 1415, -1421 = -4*w + 3*z. What is the hundreds digit of w?
3
Suppose -5*o + 39 = -76. Suppose -2*k = 5*z - 38, 3*z - o = -4*k + 53. What is the tens digit of k?
1
Suppose -2*k + 107 + 111 = 2*t, -3*t + 2*k + 322 = 0. Let l = t - 52. What is the tens digit of l?
5
Let g(x) = -14*x - 40. What is the units digit of g(-7)?
8
Let h(y) = -2*y + 1. Let a(p) = -2*p**2 + 3*p - 20. Let d(i) = -a(i) - 5*h(i). Let c = -18 + 12. What is the units digit of d(c)?
5
Let i(v) = 2*v - 17. Let k be i(10). Suppose 4*c - 3*s = 169, 5*c - 225 = 4*s - k*s. What is the units digit of c?
6
Let y(h) = h**3 - 13 + 0*h**2 + 3*h**2 + 24 - 5*h. Let u be y(-5). What is the units digit of 12/42 + (-346)/u?
5
Let b = 895 + -553. Let u = b - 170. What is the tens digit of u?
7
Let n = -231 - -698. What is the hundreds digit of n?
4
What is the units digit of 2/(-8) + (-7665)/(-84)?
1
Let x be 2 - 3*(-10)/3. Let u = 12 - 12. Suppose u = n - x - 4. What is the units digit of n?
6
Suppose -7*y = -2*y + f + 4, -4*y + 4 = -f. Suppose -4*j + 16 + 0 = y. What is the tens digit of (10/j)/(10/100)?
2
Let n = 182 + -54. What is the units digit of n?
8
Let b = -14 - 5. Let r = 24 + b. Suppose 266 = r*k + 51. What is the tens digit of k?
4
Let a(h) = -89*h - 137. What is the tens digit of a(-6)?
9
Suppose -4*w + w + 125 = -5*z, 2*z = -w + 27. Let x = 37 - w. Suppose 0 = -3*n + v + 148, x*n + 3*v = v + 104. What is the units digit of n?
0
Let q = 2635 + -1812. What is the units digit of q?
3
Let l = -1112 + 3046. What is the hundreds digit of l?
9
What is the units digit of (3/2)/(6 - (-8182)/(-1364))?
3
Let n(y) = y**3 - 15*y**2 + 11*y + 9. Let h be n(14). Let j = h + 43. What is the units digit of j?
0
Suppose -3*z - 4542 = -3*l, 7*l - 1504 = 6*l - z. What is the thousands digit of l?
1
Suppose 4*k = -4*t - 904, -t + 11*k = 6*k + 220. What is the units digit of (-560)/(-9) - (-50)/t?
2
Let d = -21 - -28. Let q = 10 - d. Suppose q*i - 85 = 32. What is the tens digit of i?
3
What is the hundreds digit of -8 - (-6550)/(60/6)?
6
Suppose 9281 = 8*y - 2847. What is the units digit of y?
6
Let h = 847 - 488. What is the hundreds digit of h?
3
Let b(n) = 3*n**2 - 17*n + 14. Let j be b(5). Suppose -36 - 104 = -j*q. What is the tens digit of q?
3
What is the hundreds digit of 8521/(-27)*-3 + 14/63?
9
Let v(z) = z**3 - 11*z**2 + 2*z - 23. Let h be v(11). What is the units digit of h - 6/3*-3?
5
Let o(s) = s - 4. Let g be o(4). Suppose 3*f - 5*f + 26 = g. Let b = -1 + f. What is the tens digit of b?
1
Suppose 6*l - 3*t + 163 = 2*l, -2*t = 5*l + 175. Let z = l + 87. What is the tens digit of z?
5
Let v(y) = y**3 - y**2 + 5. Let p be v(3). Suppose -p - 19 = -4*t - 3*m, -t + 4*m = -20. What is the units digit of t?
2
Let c(u) = u**3 + 5*u**2 + u + 2. Let s be c(-4). Let g = -34 - -37. Suppose 74 - s = g*z. What is the units digit of z?
0
Let b = 36 - -577. What is the tens digit of b?
1
Suppose 5*t + 4*m = t + 36, 4*m - 8 = 0. Suppose 2*y + n - 4 = 0, 4*n = -2*y + 3 + t. Let l(z) = 40*z**2 - z + 1. What is the tens digit of l(y)?
4
What is the units digit of ((-796)/4)/(6/4 - 2)?
8
Suppose 4*t + 42 = 2*c, -c - 4*t = -0*t + 3. What is the tens digit of c?
1
Let d = 102 + -13. Let o = 17 + d. Suppose 6*x = 4*x + o. What is the tens digit of x?
5
Let w(h) = -48*h + 396. What is the hundreds digit of w(-23)?
5
What is the tens digit of (18/3 - 5)/((-1)/(-1025))?
2
Suppose -2 = -3*k + 10. Suppose -b = -45 + k. Suppose -3*v + b = -73. What is the tens digit of v?
3
Let g(s) = s**2 - 1. Let a(m) = 2*m**2 + 8*m - 5. Let d(k) = -a(k) + g(k). What is the units digit of d(-7)?
1
Let u(j) be the second derivative of j**3/6 + 3*j**2 - 5*j. Let r = 12 - -5. What is the units digit of u(r)?
3
Suppose 29*w = 13*w - 48. Let x(v) = -2*v - 2*v + v + 5. What is the units digit of x(w)?
4
Suppose -34 = -4*y - 18. Suppose -3*x - 34 = -y*x - 5*c, x - 4*c = 52. What is the tens digit of x?
4
Let s(f) = 11*f + 15. Let b(o) = -5*o - 8. Let u(w) = 5*b(w) + 3*s(w). What is the tens digit of u(6)?
5
Suppose 0 = 3*w - 8*w + 110. What is the units digit of w?
2
Let u(g) = -g**3 - g + 4. Let b be u(0). Suppose -4*c - b*v + 8 = 0, -4*c - 3*v + 6 = c. What is the units digit of 2 - (3 - c - 39)?
8
Let m(p) = -4 + 3*p + p - 2*p + 2*p - p**3 - 5*p**2. Let k be m(-6). Let u(o) = 4*o - 2. What is the units digit of u(k)?
0
Let o(n) = -44*n**2 + 4*n - 3. Let g be o(1). Let u = 108 + g. What is the tens digit of u?
6
Let q be (-7)/(84/(-8))*3. Let r(y) = y**2 + 11*y + 6. Let b be r(-9). What is the tens digit of q/(4/(-2))*b?
1
Suppose -4*i + 6 = -3*i. Suppose 5*u + 0*o - 2*o - i = 0, o = 5*u - 3. Suppose u = -d - d + 22. What is the units digit of d?
1
Let x(s) = s**2 - 2*s + 4. Let b(t) = -t**3 + 11*t**2 - 11*t + 10. Let d be b(10). Let l be -3 + 4 + d + -4. What is the tens digit of x(l)?
1
Suppose 0*x = -10*x + 5670. What is the tens digit of x?
6
Let w = 255 - 154. Wha